{"id":8913,"date":"2025-12-01T19:30:55","date_gmt":"2025-12-01T19:30:55","guid":{"rendered":"https:\/\/www.krusnohorskypohar.cz\/?page_id=8913"},"modified":"2025-12-03T16:46:25","modified_gmt":"2025-12-03T16:46:25","slug":"cestni-clenove","status":"publish","type":"page","link":"https:\/\/www.krusnohorskypohar.cz\/index.php\/cestni-clenove\/","title":{"rendered":"\u010cestn\u00ed \u010dlenov\u00e9"},"content":{"rendered":"\n<p>V\u00e1\u017een\u00ed p\u0159\u00e1tel\u00e9 Kru\u0161nohorsk\u00e9ho poh\u00e1ru na tuto str\u00e1nku budou vkl\u00e1d\u00e1ny lid\u00e9 kte\u0159\u00ed jsou spjat\u00ed z Kru\u0161nohorsk\u00fdm poh\u00e1rem a z\u00edskali \u010destnou plaketu.<\/p>\n\n\n\n<p><strong>IM MEMORIAM-Ludv\u00edk Andrle- zakl\u00e1daj\u00edc\u00ed \u010dlen Kru\u0161nohorsk\u00e9ho poh\u00e1ru <\/strong><\/p>\n\n\n\n<figure class=\"wp-block-image size-large\"><img loading=\"lazy\" width=\"206\" height=\"206\" src=\"https:\/\/www.krusnohorskypohar.cz\/wp-content\/uploads\/2025\/12\/ludva-andrle.jpg\" alt=\"\" class=\"wp-image-8941\" srcset=\"https:\/\/www.krusnohorskypohar.cz\/wp-content\/uploads\/2025\/12\/ludva-andrle.jpg 206w, https:\/\/www.krusnohorskypohar.cz\/wp-content\/uploads\/2025\/12\/ludva-andrle-150x150.jpg 150w\" sizes=\"(max-width: 206px) 100vw, 206px\" \/><\/figure>\n\n\n\n<p><strong>IM MEMORIAM-Valda Pishel- zakl\u00e1daj\u00edc\u00ed \u010dlen Kru\u0161nohorsk\u00e9ho poh\u00e1ru<\/strong><\/p>\n\n\n\n<figure class=\"wp-block-image size-large\"><img loading=\"lazy\" width=\"336\" height=\"533\" src=\"https:\/\/www.krusnohorskypohar.cz\/wp-content\/uploads\/2025\/12\/valda.png\" alt=\"\" class=\"wp-image-8943\" srcset=\"https:\/\/www.krusnohorskypohar.cz\/wp-content\/uploads\/2025\/12\/valda.png 336w, https:\/\/www.krusnohorskypohar.cz\/wp-content\/uploads\/2025\/12\/valda-189x300.png 189w\" sizes=\"(max-width: 336px) 100vw, 336px\" \/><\/figure>\n\n\n\n<p><strong>IM MEMORIAM-V\u011bra Filipov\u00e1- dlouholet\u00e1 jezdkyn\u011b Kru\u0161nohorsk\u00e9ho poh\u00e1ru<\/strong><\/p>\n\n\n\n<figure class=\"wp-block-image size-large\"><img loading=\"lazy\" width=\"1024\" height=\"768\" src=\"https:\/\/www.krusnohorskypohar.cz\/wp-content\/uploads\/2025\/12\/IMG-20251202-WA0003-1024x768.jpg\" alt=\"\" class=\"wp-image-8945\" srcset=\"https:\/\/www.krusnohorskypohar.cz\/wp-content\/uploads\/2025\/12\/IMG-20251202-WA0003-1024x768.jpg 1024w, https:\/\/www.krusnohorskypohar.cz\/wp-content\/uploads\/2025\/12\/IMG-20251202-WA0003-300x225.jpg 300w, https:\/\/www.krusnohorskypohar.cz\/wp-content\/uploads\/2025\/12\/IMG-20251202-WA0003-768x576.jpg 768w, https:\/\/www.krusnohorskypohar.cz\/wp-content\/uploads\/2025\/12\/IMG-20251202-WA0003-1536x1152.jpg 1536w, https:\/\/www.krusnohorskypohar.cz\/wp-content\/uploads\/2025\/12\/IMG-20251202-WA0003-120x90.jpg 120w, https:\/\/www.krusnohorskypohar.cz\/wp-content\/uploads\/2025\/12\/IMG-20251202-WA0003.jpg 1600w\" sizes=\"(max-width: 1024px) 100vw, 1024px\" \/><\/figure>\n\n\n\n<p><strong>IM MEMORIAM-Jan Sussmann- dlouholet\u00fd jezdec Kru\u0161nohorsk\u00e9ho poh\u00e1ru<\/strong> a <strong>v\u00edt\u011bz skupiny E1 do 1600ccm v roce 2012.<\/strong><\/p>\n\n\n\n<figure class=\"wp-block-image size-large\"><img loading=\"lazy\" width=\"418\" height=\"673\" src=\"https:\/\/www.krusnohorskypohar.cz\/wp-content\/uploads\/2025\/12\/jan-sussmann.png\" alt=\"\" class=\"wp-image-8947\" srcset=\"https:\/\/www.krusnohorskypohar.cz\/wp-content\/uploads\/2025\/12\/jan-sussmann.png 418w, https:\/\/www.krusnohorskypohar.cz\/wp-content\/uploads\/2025\/12\/jan-sussmann-186x300.png 186w\" sizes=\"(max-width: 418px) 100vw, 418px\" \/><\/figure>\n\n\n\n<p><strong>Libor B\u0159\u00ed\u017e\u010fala- dlouholet\u00fd jezdec a v\u00edt\u011bz\u016f skupin H-1400ccm a H-1600ccm Kru\u0161nohorsk\u00e9ho poh\u00e1ru a zakladatel Historic team Slan\u00fd<\/strong>. Liborovo p\u0159ezd\u00edvka je Sl\u00e1nsk\u00fd expres <\/p>\n\n\n\n<figure class=\"wp-block-image size-large\"><img loading=\"lazy\" width=\"768\" height=\"1024\" src=\"https:\/\/www.krusnohorskypohar.cz\/wp-content\/uploads\/2025\/12\/IMG-20251202-WA0001-768x1024.jpg\" alt=\"\" class=\"wp-image-8949\" srcset=\"https:\/\/www.krusnohorskypohar.cz\/wp-content\/uploads\/2025\/12\/IMG-20251202-WA0001-768x1024.jpg 768w, https:\/\/www.krusnohorskypohar.cz\/wp-content\/uploads\/2025\/12\/IMG-20251202-WA0001-225x300.jpg 225w, https:\/\/www.krusnohorskypohar.cz\/wp-content\/uploads\/2025\/12\/IMG-20251202-WA0001-1152x1536.jpg 1152w, https:\/\/www.krusnohorskypohar.cz\/wp-content\/uploads\/2025\/12\/IMG-20251202-WA0001.jpg 1301w\" sizes=\"(max-width: 768px) 100vw, 768px\" \/><\/figure>\n\n\n\n<p><strong>Lud\u011bk Bursa- dlouholet\u00fd jezdec Kru\u0161nohorsk\u00e9ho poh\u00e1ru a<\/strong> <strong>n\u011bkolikan\u00e1sobn\u00fd v\u00edt\u011bz skupiny E2-voln\u00e1<\/strong><\/p>\n\n\n\n<figure class=\"wp-block-image size-large\"><img loading=\"lazy\" width=\"434\" height=\"578\" src=\"https:\/\/www.krusnohorskypohar.cz\/wp-content\/uploads\/2025\/12\/IMG-20251203-WA0013.jpg\" alt=\"\" class=\"wp-image-8968\" srcset=\"https:\/\/www.krusnohorskypohar.cz\/wp-content\/uploads\/2025\/12\/IMG-20251203-WA0013.jpg 434w, https:\/\/www.krusnohorskypohar.cz\/wp-content\/uploads\/2025\/12\/IMG-20251203-WA0013-225x300.jpg 225w\" sizes=\"(max-width: 434px) 100vw, 434px\" \/><\/figure>\n\n\n\n<p><strong>Martin Toman- zakl\u00e1daj\u00edc\u00ed \u010dlen Kru\u0161nohorsk\u00e9ho poh\u00e1ru od sam\u00e9ho za\u010d\u00e1tku v\u017edy na pozici safety<\/strong><\/p>\n\n\n\n<figure class=\"wp-block-image size-large\"><img loading=\"lazy\" width=\"683\" height=\"1024\" src=\"https:\/\/www.krusnohorskypohar.cz\/wp-content\/uploads\/2025\/12\/toman-683x1024.jpg\" alt=\"\" class=\"wp-image-8952\" srcset=\"https:\/\/www.krusnohorskypohar.cz\/wp-content\/uploads\/2025\/12\/toman-683x1024.jpg 683w, https:\/\/www.krusnohorskypohar.cz\/wp-content\/uploads\/2025\/12\/toman-200x300.jpg 200w, https:\/\/www.krusnohorskypohar.cz\/wp-content\/uploads\/2025\/12\/toman-768x1152.jpg 768w, https:\/\/www.krusnohorskypohar.cz\/wp-content\/uploads\/2025\/12\/toman-1024x1536.jpg 1024w, https:\/\/www.krusnohorskypohar.cz\/wp-content\/uploads\/2025\/12\/toman-1366x2048.jpg 1366w, https:\/\/www.krusnohorskypohar.cz\/wp-content\/uploads\/2025\/12\/toman.jpg 1667w\" sizes=\"(max-width: 683px) 100vw, 683px\" \/><\/figure>\n\n\n\n<p><strong>Zora Kl\u00edmov\u00e1-po\u0159adatel Kru\u0161nohorsk\u00e9ho poh\u00e1ru na pozici administrativn\u00ed pracovn\u00edk od roku 2014<\/strong><\/p>\n\n\n\n<figure class=\"wp-block-image size-large\"><img loading=\"lazy\" width=\"554\" height=\"495\" src=\"https:\/\/www.krusnohorskypohar.cz\/wp-content\/uploads\/2025\/12\/zora.png\" alt=\"\" class=\"wp-image-8954\" srcset=\"https:\/\/www.krusnohorskypohar.cz\/wp-content\/uploads\/2025\/12\/zora.png 554w, https:\/\/www.krusnohorskypohar.cz\/wp-content\/uploads\/2025\/12\/zora-300x268.png 300w\" sizes=\"(max-width: 554px) 100vw, 554px\" \/><\/figure>\n\n\n\n<p><strong>Michal Strach- zakladatel Rescue team Liberec a dlouholet\u00fd po\u0159adatel Kru\u0161nohorsk\u00e9ho poh\u00e1ru<\/strong><\/p>\n\n\n\n<figure class=\"wp-block-image size-large\"><img loading=\"lazy\" width=\"368\" height=\"674\" src=\"https:\/\/www.krusnohorskypohar.cz\/wp-content\/uploads\/2025\/12\/michal-strach.png\" alt=\"\" class=\"wp-image-8956\" srcset=\"https:\/\/www.krusnohorskypohar.cz\/wp-content\/uploads\/2025\/12\/michal-strach.png 368w, https:\/\/www.krusnohorskypohar.cz\/wp-content\/uploads\/2025\/12\/michal-strach-164x300.png 164w\" sizes=\"(max-width: 368px) 100vw, 368px\" \/><\/figure>\n\n\n\n<p><strong>Ji\u0159\u00ed Plevka- majitel pivovaru Chodovar a dlouholet\u00fd partner a jezdec Kru\u0161nohorsk\u00e9ho poh\u00e1ru<\/strong><\/p>\n\n\n\n<figure class=\"wp-block-image size-large\"><img loading=\"lazy\" width=\"206\" height=\"206\" src=\"https:\/\/www.krusnohorskypohar.cz\/wp-content\/uploads\/2025\/12\/plevka.jpg\" alt=\"\" class=\"wp-image-8958\" srcset=\"https:\/\/www.krusnohorskypohar.cz\/wp-content\/uploads\/2025\/12\/plevka.jpg 206w, https:\/\/www.krusnohorskypohar.cz\/wp-content\/uploads\/2025\/12\/plevka-150x150.jpg 150w\" sizes=\"(max-width: 206px) 100vw, 206px\" \/><\/figure>\n\n\n\n<p><strong>Hasi\u010di Chodov\u00e1 Plan\u00e1- Hasi\u010dsk\u00fd sbor pod veden\u00edm V\u00e1clava Zim\u00e1ka jsou i zabezpe\u010dovac\u00ed sbor na z\u00e1vodech Kru\u0161nohorsk\u00e9ho poh\u00e1ru<\/strong><\/p>\n\n\n\n<figure class=\"wp-block-image size-large\"><img loading=\"lazy\" width=\"1024\" height=\"683\" src=\"https:\/\/www.krusnohorskypohar.cz\/wp-content\/uploads\/2025\/12\/hasici-1024x683.jpg\" alt=\"\" class=\"wp-image-8960\" srcset=\"https:\/\/www.krusnohorskypohar.cz\/wp-content\/uploads\/2025\/12\/hasici-1024x683.jpg 1024w, https:\/\/www.krusnohorskypohar.cz\/wp-content\/uploads\/2025\/12\/hasici-300x200.jpg 300w, https:\/\/www.krusnohorskypohar.cz\/wp-content\/uploads\/2025\/12\/hasici-768x512.jpg 768w, https:\/\/www.krusnohorskypohar.cz\/wp-content\/uploads\/2025\/12\/hasici-1536x1024.jpg 1536w, https:\/\/www.krusnohorskypohar.cz\/wp-content\/uploads\/2025\/12\/hasici-2048x1366.jpg 2048w\" sizes=\"(max-width: 1024px) 100vw, 1024px\" \/><\/figure>\n\n\n\n<p><\/p>\n","protected":false},"excerpt":{"rendered":"<p>V\u00e1\u017een\u00ed p\u0159\u00e1tel\u00e9 Kru\u0161nohorsk\u00e9ho poh\u00e1ru na tuto str\u00e1nku budou vkl\u00e1d\u00e1ny lid\u00e9 kte\u0159\u00ed jsou spjat\u00ed z Kru\u0161nohorsk\u00fdm poh\u00e1rem a z\u00edskali \u010destnou plaketu. IM MEMORIAM-Ludv\u00edk Andrle- zakl\u00e1daj\u00edc\u00ed \u010dlen Kru\u0161nohorsk\u00e9ho poh\u00e1ru IM MEMORIAM-Valda Pishel- zakl\u00e1daj\u00edc\u00ed \u010dlen Kru\u0161nohorsk\u00e9ho poh\u00e1ru IM MEMORIAM-V\u011bra Filipov\u00e1- dlouholet\u00e1 jezdkyn\u011b Kru\u0161nohorsk\u00e9ho poh\u00e1ru IM MEMORIAM-Jan Sussmann- dlouholet\u00fd jezdec Kru\u0161nohorsk\u00e9ho poh\u00e1ru a v\u00edt\u011bz skupiny E1 do 1600ccm v&hellip;<\/p>\n","protected":false},"author":2,"featured_media":0,"parent":0,"menu_order":0,"comment_status":"closed","ping_status":"closed","template":"","meta":[],"_links":{"self":[{"href":"https:\/\/www.krusnohorskypohar.cz\/index.php\/wp-json\/wp\/v2\/pages\/8913"}],"collection":[{"href":"https:\/\/www.krusnohorskypohar.cz\/index.php\/wp-json\/wp\/v2\/pages"}],"about":[{"href":"https:\/\/www.krusnohorskypohar.cz\/index.php\/wp-json\/wp\/v2\/types\/page"}],"author":[{"embeddable":true,"href":"https:\/\/www.krusnohorskypohar.cz\/index.php\/wp-json\/wp\/v2\/users\/2"}],"replies":[{"embeddable":true,"href":"https:\/\/www.krusnohorskypohar.cz\/index.php\/wp-json\/wp\/v2\/comments?post=8913"}],"version-history":[{"count":15,"href":"https:\/\/www.krusnohorskypohar.cz\/index.php\/wp-json\/wp\/v2\/pages\/8913\/revisions"}],"predecessor-version":[{"id":8969,"href":"https:\/\/www.krusnohorskypohar.cz\/index.php\/wp-json\/wp\/v2\/pages\/8913\/revisions\/8969"}],"wp:attachment":[{"href":"https:\/\/www.krusnohorskypohar.cz\/index.php\/wp-json\/wp\/v2\/media?parent=8913"}],"curies":[{"name":"wp","href":"https:\/\/api.w.org\/{rel}","templated":true}]}}

Čestní členové

<p>Vážení přátelé Krušnohorského poháru na tuto stránku budou vkládány lidé kteří jsou spjatí z Krušnohorským pohárem a získali čestnou plaketu.</p>



<p><strong>IM MEMORIAM-Ludvík Andrle- zakládající člen Krušnohorského poháru </strong></p>



<figure class="wp-block-image size-large"><img loading="lazy" width="206" height="206" src="https://www.krusnohorskypohar.cz/wp-content/uploads/2025/12/ludva-andrle.jpg" alt="" class="wp-image-8941" srcset="https://www.krusnohorskypohar.cz/wp-content/uploads/2025/12/ludva-andrle.jpg 206w, https://www.krusnohorskypohar.cz/wp-content/uploads/2025/12/ludva-andrle-150x150.jpg 150w" sizes="(max-width: 206px) 100vw, 206px" /></figure>



<p><strong>IM MEMORIAM-Valda Pishel- zakládající člen Krušnohorského poháru</strong></p>



<figure class="wp-block-image size-large"><img loading="lazy" width="336" height="533" src="https://www.krusnohorskypohar.cz/wp-content/uploads/2025/12/valda.png" alt="" class="wp-image-8943" srcset="https://www.krusnohorskypohar.cz/wp-content/uploads/2025/12/valda.png 336w, https://www.krusnohorskypohar.cz/wp-content/uploads/2025/12/valda-189x300.png 189w" sizes="(max-width: 336px) 100vw, 336px" /></figure>



<p><strong>IM MEMORIAM-Věra Filipová- dlouholetá jezdkyně Krušnohorského poháru</strong></p>



<figure class="wp-block-image size-large"><img loading="lazy" width="1024" height="768" src="https://www.krusnohorskypohar.cz/wp-content/uploads/2025/12/IMG-20251202-WA0003-1024x768.jpg" alt="" class="wp-image-8945" srcset="https://www.krusnohorskypohar.cz/wp-content/uploads/2025/12/IMG-20251202-WA0003-1024x768.jpg 1024w, https://www.krusnohorskypohar.cz/wp-content/uploads/2025/12/IMG-20251202-WA0003-300x225.jpg 300w, https://www.krusnohorskypohar.cz/wp-content/uploads/2025/12/IMG-20251202-WA0003-768x576.jpg 768w, https://www.krusnohorskypohar.cz/wp-content/uploads/2025/12/IMG-20251202-WA0003-1536x1152.jpg 1536w, https://www.krusnohorskypohar.cz/wp-content/uploads/2025/12/IMG-20251202-WA0003-120x90.jpg 120w, https://www.krusnohorskypohar.cz/wp-content/uploads/2025/12/IMG-20251202-WA0003.jpg 1600w" sizes="(max-width: 1024px) 100vw, 1024px" /></figure>



<p><strong>IM MEMORIAM-Jan Sussmann- dlouholetý jezdec Krušnohorského poháru</strong> a <strong>vítěz skupiny E1 do 1600ccm v roce 2012.</strong></p>



<figure class="wp-block-image size-large"><img loading="lazy" width="418" height="673" src="https://www.krusnohorskypohar.cz/wp-content/uploads/2025/12/jan-sussmann.png" alt="" class="wp-image-8947" srcset="https://www.krusnohorskypohar.cz/wp-content/uploads/2025/12/jan-sussmann.png 418w, https://www.krusnohorskypohar.cz/wp-content/uploads/2025/12/jan-sussmann-186x300.png 186w" sizes="(max-width: 418px) 100vw, 418px" /></figure>



<p><strong>Libor Břížďala- dlouholetý jezdec a vítězů skupin H-1400ccm a H-1600ccm Krušnohorského poháru a zakladatel Historic team Slaný</strong>. Liborovo přezdívka je Slánský expres </p>



<figure class="wp-block-image size-large"><img loading="lazy" width="768" height="1024" src="https://www.krusnohorskypohar.cz/wp-content/uploads/2025/12/IMG-20251202-WA0001-768x1024.jpg" alt="" class="wp-image-8949" srcset="https://www.krusnohorskypohar.cz/wp-content/uploads/2025/12/IMG-20251202-WA0001-768x1024.jpg 768w, https://www.krusnohorskypohar.cz/wp-content/uploads/2025/12/IMG-20251202-WA0001-225x300.jpg 225w, https://www.krusnohorskypohar.cz/wp-content/uploads/2025/12/IMG-20251202-WA0001-1152x1536.jpg 1152w, https://www.krusnohorskypohar.cz/wp-content/uploads/2025/12/IMG-20251202-WA0001.jpg 1301w" sizes="(max-width: 768px) 100vw, 768px" /></figure>



<p><strong>Luděk Bursa- dlouholetý jezdec Krušnohorského poháru a</strong> <strong>několikanásobný vítěz skupiny E2-volná</strong></p>



<figure class="wp-block-image size-large"><img loading="lazy" width="434" height="578" src="https://www.krusnohorskypohar.cz/wp-content/uploads/2025/12/IMG-20251203-WA0013.jpg" alt="" class="wp-image-8968" srcset="https://www.krusnohorskypohar.cz/wp-content/uploads/2025/12/IMG-20251203-WA0013.jpg 434w, https://www.krusnohorskypohar.cz/wp-content/uploads/2025/12/IMG-20251203-WA0013-225x300.jpg 225w" sizes="(max-width: 434px) 100vw, 434px" /></figure>



<p><strong>Martin Toman- zakládající člen Krušnohorského poháru od samého začátku vždy na pozici safety</strong></p>



<figure class="wp-block-image size-large"><img loading="lazy" width="683" height="1024" src="https://www.krusnohorskypohar.cz/wp-content/uploads/2025/12/toman-683x1024.jpg" alt="" class="wp-image-8952" srcset="https://www.krusnohorskypohar.cz/wp-content/uploads/2025/12/toman-683x1024.jpg 683w, https://www.krusnohorskypohar.cz/wp-content/uploads/2025/12/toman-200x300.jpg 200w, https://www.krusnohorskypohar.cz/wp-content/uploads/2025/12/toman-768x1152.jpg 768w, https://www.krusnohorskypohar.cz/wp-content/uploads/2025/12/toman-1024x1536.jpg 1024w, https://www.krusnohorskypohar.cz/wp-content/uploads/2025/12/toman-1366x2048.jpg 1366w, https://www.krusnohorskypohar.cz/wp-content/uploads/2025/12/toman.jpg 1667w" sizes="(max-width: 683px) 100vw, 683px" /></figure>



<p><strong>Zora Klímová-pořadatel Krušnohorského poháru na pozici administrativní pracovník od roku 2014</strong></p>



<figure class="wp-block-image size-large"><img loading="lazy" width="554" height="495" src="https://www.krusnohorskypohar.cz/wp-content/uploads/2025/12/zora.png" alt="" class="wp-image-8954" srcset="https://www.krusnohorskypohar.cz/wp-content/uploads/2025/12/zora.png 554w, https://www.krusnohorskypohar.cz/wp-content/uploads/2025/12/zora-300x268.png 300w" sizes="(max-width: 554px) 100vw, 554px" /></figure>



<p><strong>Michal Strach- zakladatel Rescue team Liberec a dlouholetý pořadatel Krušnohorského poháru</strong></p>



<figure class="wp-block-image size-large"><img loading="lazy" width="368" height="674" src="https://www.krusnohorskypohar.cz/wp-content/uploads/2025/12/michal-strach.png" alt="" class="wp-image-8956" srcset="https://www.krusnohorskypohar.cz/wp-content/uploads/2025/12/michal-strach.png 368w, https://www.krusnohorskypohar.cz/wp-content/uploads/2025/12/michal-strach-164x300.png 164w" sizes="(max-width: 368px) 100vw, 368px" /></figure>



<p><strong>Jiří Plevka- majitel pivovaru Chodovar a dlouholetý partner a jezdec Krušnohorského poháru</strong></p>



<figure class="wp-block-image size-large"><img loading="lazy" width="206" height="206" src="https://www.krusnohorskypohar.cz/wp-content/uploads/2025/12/plevka.jpg" alt="" class="wp-image-8958" srcset="https://www.krusnohorskypohar.cz/wp-content/uploads/2025/12/plevka.jpg 206w, https://www.krusnohorskypohar.cz/wp-content/uploads/2025/12/plevka-150x150.jpg 150w" sizes="(max-width: 206px) 100vw, 206px" /></figure>



<p><strong>Hasiči Chodová Planá- Hasičský sbor pod vedením Václava Zimáka jsou i zabezpečovací sbor na závodech Krušnohorského poháru</strong></p>



<figure class="wp-block-image size-large"><img loading="lazy" width="1024" height="683" src="https://www.krusnohorskypohar.cz/wp-content/uploads/2025/12/hasici-1024x683.jpg" alt="" class="wp-image-8960" srcset="https://www.krusnohorskypohar.cz/wp-content/uploads/2025/12/hasici-1024x683.jpg 1024w, https://www.krusnohorskypohar.cz/wp-content/uploads/2025/12/hasici-300x200.jpg 300w, https://www.krusnohorskypohar.cz/wp-content/uploads/2025/12/hasici-768x512.jpg 768w, https://www.krusnohorskypohar.cz/wp-content/uploads/2025/12/hasici-1536x1024.jpg 1536w, https://www.krusnohorskypohar.cz/wp-content/uploads/2025/12/hasici-2048x1366.jpg 2048w" sizes="(max-width: 1024px) 100vw, 1024px" /></figure>



<p></p>

<p>Vážení přátelé Krušnohorského poháru na tuto stránku budou vkládány lidé kteří jsou spjatí z Krušnohorským pohárem a získali čestnou plaketu. IM MEMORIAM-Ludvík Andrle- zakládající člen Krušnohorského poháru IM MEMORIAM-Valda Pishel- zakládající člen Krušnohorského poháru IM MEMORIAM-Věra Filipová- dlouholetá jezdkyně Krušnohorského poháru IM MEMORIAM-Jan Sussmann- dlouholetý jezdec Krušnohorského poháru a vítěz skupiny E1 do 1600ccm v&hellip;</p>
