{"id":8896,"date":"2025-12-01T19:22:08","date_gmt":"2025-12-01T19:22:08","guid":{"rendered":"https:\/\/www.krusnohorskypohar.cz\/?page_id=8896"},"modified":"2025-12-01T19:22:08","modified_gmt":"2025-12-01T19:22:08","slug":"zav-jested","status":"publish","type":"page","link":"https:\/\/www.krusnohorskypohar.cz\/index.php\/zav-jested\/","title":{"rendered":"ZAV Je\u0161t\u011bd"},"content":{"rendered":"\n<ul><li>datum kon\u00e1n\u00ed \u2013 30-31.5.2026<\/li><li>kapacita trat\u011b \u2013 110 jezdc\u016f<\/li><li>startovn\u00e9-<\/li><li>\u010d\u00edslo \u00fa\u010dtu-<\/li><\/ul>\n","protected":false},"excerpt":{"rendered":"<p>datum kon\u00e1n\u00ed \u2013 30-31.5.2026 kapacita trat\u011b \u2013 110 jezdc\u016f startovn\u00e9- \u010d\u00edslo \u00fa\u010dtu-<\/p>\n","protected":false},"author":2,"featured_media":0,"parent":0,"menu_order":0,"comment_status":"closed","ping_status":"closed","template":"","meta":[],"_links":{"self":[{"href":"https:\/\/www.krusnohorskypohar.cz\/index.php\/wp-json\/wp\/v2\/pages\/8896"}],"collection":[{"href":"https:\/\/www.krusnohorskypohar.cz\/index.php\/wp-json\/wp\/v2\/pages"}],"about":[{"href":"https:\/\/www.krusnohorskypohar.cz\/index.php\/wp-json\/wp\/v2\/types\/page"}],"author":[{"embeddable":true,"href":"https:\/\/www.krusnohorskypohar.cz\/index.php\/wp-json\/wp\/v2\/users\/2"}],"replies":[{"embeddable":true,"href":"https:\/\/www.krusnohorskypohar.cz\/index.php\/wp-json\/wp\/v2\/comments?post=8896"}],"version-history":[{"count":1,"href":"https:\/\/www.krusnohorskypohar.cz\/index.php\/wp-json\/wp\/v2\/pages\/8896\/revisions"}],"predecessor-version":[{"id":8897,"href":"https:\/\/www.krusnohorskypohar.cz\/index.php\/wp-json\/wp\/v2\/pages\/8896\/revisions\/8897"}],"wp:attachment":[{"href":"https:\/\/www.krusnohorskypohar.cz\/index.php\/wp-json\/wp\/v2\/media?parent=8896"}],"curies":[{"name":"wp","href":"https:\/\/api.w.org\/{rel}","templated":true}]}}

ZAV Ještěd

<ul><li>datum konání – 30-31.5.2026</li><li>kapacita tratě – 110 jezdců</li><li>startovné-</li><li>číslo účtu-</li></ul>

<p>datum konání – 30-31.5.2026 kapacita tratě – 110 jezdců startovné- číslo účtu-</p>
