{"id":8829,"date":"2025-10-30T09:34:15","date_gmt":"2025-10-30T09:34:15","guid":{"rendered":"https:\/\/www.krusnohorskypohar.cz\/?page_id=8829"},"modified":"2026-04-20T18:23:40","modified_gmt":"2026-04-20T18:23:40","slug":"vysledky-2026","status":"publish","type":"page","link":"https:\/\/www.krusnohorskypohar.cz\/index.php\/vysledky-2026\/","title":{"rendered":"V\u00fdsledky 2026"},"content":{"rendered":"\n<figure class=\"wp-block-table\"><table><tbody><tr><td><strong>Kone\u010dn\u00e9 absolutn\u00ed po\u0159ad\u00ed Kru\u0161nohorsk\u00e9ho poh\u00e1ru 2026. Po odjet\u00ed sedmi a v\u00edce z\u00e1vod\u016f<\/strong><\/td><td><strong>Kone\u010dn\u00e9 absolutn\u00ed po\u0159ad\u00ed t\u0159\u00edd Kru\u0161nohorsk\u00e9ho poh\u00e1ru 2026. Po odjet\u00ed sedmi a v\u00edce z\u00e1vod\u016f<\/strong><\/td><\/tr><\/tbody><\/table><\/figure>\n\n\n\n<figure class=\"wp-block-table\"><table><tbody><tr><td><\/td><td><\/td><\/tr><tr><td><\/td><td><\/td><\/tr><tr><td><\/td><td><\/td><\/tr><tr><td><\/td><td><\/td><\/tr><\/tbody><\/table><\/figure>\n\n\n\n<figure class=\"wp-block-table\"><table><tbody><tr><td><strong>Absolutn\u00ed po\u0159ad\u00ed Kru\u0161nohorsk\u00e9ho poh\u00e1ru 2026<\/strong><\/td><td><strong>Absolutn\u00ed po\u0159ad\u00ed t\u0159\u00edd Kru\u0161nohorsk\u00e9ho poh\u00e1ru 2026<\/strong><\/td><\/tr><tr><td><strong>po dvou z\u00e1vod\u011b na Autodromu Sosnov\u00e1<\/strong><\/td><td><strong><a href=\"https:\/\/www.krusnohorskypohar.cz\/wp-content\/uploads\/2026\/04\/1603.pdf\" target=\"_blank\" rel=\"noreferrer noopener\">po dvou z\u00e1vod\u011b na Autodromu Sosnov\u00e1<\/a><\/strong><\/td><\/tr><tr><td><strong>po t\u0159et\u00edm z\u00e1vod\u011b ZAV B\u00edlina<\/strong><\/td><td><strong>po t\u0159et\u00edm z\u00e1vod\u011b ZAV B\u00edlina<\/strong><\/td><\/tr><tr><td><strong>po \u010dtvrt\u00e9m z\u00e1vod\u011b ZAV Je\u0161t\u011bd<\/strong><\/td><td><strong>po \u010dtvrt\u00e9m z\u00e1vod\u011b ZAV Je\u0161t\u011bd<\/strong><\/td><\/tr><tr><td><strong>po p\u00e1t\u00e9m z\u00e1vod\u011b ZAV Je\u0161t\u011bd<\/strong><\/td><td><strong>po p\u00e1t\u00e9m z\u00e1vod\u011b ZAV Je\u0161t\u011bd<\/strong><\/td><\/tr><tr><td><strong>po \u0161est\u00e9m z\u00e1vod\u011b <\/strong><\/td><td><strong>po \u0161est\u00e9m z\u00e1vod\u011b<\/strong><\/td><\/tr><tr><td><strong>po sedm\u00e9m z\u00e1vod\u011b<\/strong><\/td><td><strong>po sedm\u00e9m z\u00e1vod\u011b<\/strong><\/td><\/tr><tr><td><strong>po osm\u00e9m z\u00e1vod\u011b ZAV \u00dater\u00fd<\/strong><\/td><td><strong>po osm\u00e9m z\u00e1vod\u011b ZAV \u00dater\u00fd<\/strong><\/td><\/tr><tr><td><strong>po dev\u00e1t\u00e9m z\u00e1vod\u011b ZAV \u00dater\u00fd<\/strong><\/td><td><strong>po dev\u00e1t\u00e9m z\u00e1vod\u011b ZAV \u00dater\u00fd<\/strong><\/td><\/tr><tr><td><strong>po des\u00e1t\u00e9m z\u00e1vod\u011b ZAV Kdyn\u011b<\/strong><\/td><td><strong>po des\u00e1t\u00e9m z\u00e1vod\u011b ZAV Kdyn\u011b<\/strong><\/td><\/tr><tr><td><strong>po jeden\u00e1ct\u00e9m z\u00e1vod\u011b ZAV Kdyn\u011b<\/strong><\/td><td><strong>po jeden\u00e1ct\u00e9m z\u00e1vod\u011b ZAV Kdyn\u011b<\/strong><\/td><\/tr><tr><td><strong><strong>po&nbsp;dvan\u00e1ct\u00e9m&nbsp;z\u00e1vod\u011b a&nbsp;t\u0159in\u00e1ct\u00e9m&nbsp;z\u00e1vod\u011b<\/strong>&nbsp;<strong>ZAV&nbsp;Autodrom Sosnov\u00e1 II<\/strong><\/strong><\/td><td><strong><strong><strong><strong>po&nbsp;dvan\u00e1ct\u00e9m&nbsp;z\u00e1vod\u011b a&nbsp;t\u0159in\u00e1ct\u00e9m&nbsp;z\u00e1vod\u011b<\/strong><\/strong><\/strong><\/strong> <strong><strong>ZAV Autodrom Sosnov\u00e1 II<\/strong><\/strong><\/td><\/tr><\/tbody><\/table><\/figure>\n\n\n\n<figure class=\"wp-block-table\"><table><tbody><tr><td><\/td><td><\/td><\/tr><tr><td><\/td><td><\/td><\/tr><tr><td><strong>Poh\u00e1ru team\u016f 2026<\/strong><\/td><td><strong>po\u0159ad\u00ed<\/strong><\/td><\/tr><tr><td><\/td><td><\/td><\/tr><tr><td><\/td><td><\/td><\/tr><tr><td><\/td><td><\/td><\/tr><tr><td><\/td><td><\/td><\/tr><\/tbody><\/table><\/figure>\n\n\n\n<p><strong>Odjet\u00e9 z\u00e1vody sez\u00f3ny 2025-v\u00fdsledky<\/strong><\/p>\n\n\n\n<figure class=\"wp-block-table\"><table><tbody><tr><td><strong>ZAV<\/strong>&nbsp;<strong>Autodrom Sosnov\u00e1 19.4.2026<\/strong>&nbsp;psan\u00e9 dva z\u00e1vody a dvoje body<\/td><td><strong>trenink<\/strong><\/td><td><strong><a href=\"https:\/\/www.krusnohorskypohar.cz\/wp-content\/uploads\/2026\/04\/1600.pdf\" target=\"_blank\" rel=\"noreferrer noopener\">Absolutn\u00ed po\u0159ad\u00ed<\/a><\/strong><\/td><td><strong><a href=\"https:\/\/www.krusnohorskypohar.cz\/wp-content\/uploads\/2026\/04\/1601.pdf\" target=\"_blank\" rel=\"noreferrer noopener\">Po\u0159ad\u00ed t\u0159\u00eddy<\/a><\/strong><\/td><\/tr><tr><td><strong>ZAV<\/strong>&nbsp;<strong>ZAV B\u00edlina<\/strong> <strong>10.5.2026<\/strong><\/td><td><strong>trenink<\/strong><\/td><td><strong>Absolutn\u00ed po\u0159ad\u00ed<\/strong><\/td><td><strong>Po\u0159ad\u00ed t\u0159\u00eddy<\/strong><\/td><\/tr><tr><td><strong>ZAV Je\u0161t\u011bd<\/strong> <strong>30.5.2026<\/strong><\/td><td><strong>tr\u00e9nink<\/strong><\/td><td><strong>Absolutn\u00ed po\u0159ad\u00ed<\/strong><\/td><td><strong>Po\u0159ad\u00ed t\u0159\u00eddy<\/strong><\/td><\/tr><tr><td><strong>ZAV<\/strong>&nbsp;<strong>Je\u0161t\u011bd<\/strong> <strong>31.5.2026<\/strong><\/td><td><strong>tr\u00e9nink<\/strong><\/td><td><strong>Absolutn\u00ed po\u0159ad\u00ed<\/strong><\/td><td><strong>Po\u0159ad\u00ed t\u0159\u00eddy<\/strong><\/td><\/tr><tr><td><strong>ZAV Tachov nebo ZAV Koz\u00e1kov<\/strong> <strong>25.7.2026<\/strong><\/td><td><strong>tr\u00e9nink<\/strong><\/td><td><strong>Absolutn\u00ed po\u0159ad\u00ed<\/strong><\/td><td><strong>Po\u0159ad\u00ed t\u0159\u00eddy<\/strong><\/td><\/tr><tr><td><strong>ZAV <strong>Tachov nebo ZAV Koz\u00e1kov<\/strong> 26.7.2026<\/strong><\/td><td><strong>tr\u00e9nink<\/strong><\/td><td><strong>Absolutn\u00ed po\u0159ad\u00ed<\/strong><\/td><td><strong>Po\u0159ad\u00ed t\u0159\u00eddy<\/strong><\/td><\/tr><tr><td><strong>ZAV<\/strong> <strong>\u00dater\u00fd<\/strong> <strong>22.8.2026<\/strong><\/td><td><strong>tr\u00e9nink<\/strong><\/td><td><strong>Absolutn\u00ed po\u0159ad\u00ed<\/strong><\/td><td><strong>Po\u0159ad\u00ed t\u0159\u00eddy<\/strong><\/td><\/tr><tr><td><strong>ZAV&nbsp;\u00dater\u00fd<\/strong> <strong>23.8.2026<\/strong><\/td><td><strong>tr\u00e9nink<\/strong><\/td><td><strong>Absolutn\u00ed po\u0159ad\u00ed<\/strong><\/td><td><strong>Po\u0159ad\u00ed t\u0159\u00eddy<\/strong><\/td><\/tr><tr><td><strong>ZAV Kdyn\u011b<\/strong> <strong>19.9.2026<\/strong><\/td><td><strong>tr\u00e9nink<\/strong><\/td><td><strong>Absolutn\u00ed po\u0159ad\u00ed<\/strong><\/td><td><strong>Po\u0159ad\u00ed t\u0159\u00eddy<\/strong><\/td><\/tr><tr><td><strong>ZAV Kdyn\u011b<\/strong> <strong>20.9.2026<\/strong><\/td><td><strong>tr\u00e9nink<\/strong><\/td><td><strong>Absolutn\u00ed po\u0159ad\u00ed<\/strong><\/td><td><strong>Po\u0159ad\u00ed t\u0159\u00eddy<\/strong><\/td><\/tr><tr><td><strong>ZAV&nbsp;Autodrom Sosnov\u00e1&nbsp;17.10.2026&nbsp;&nbsp;<\/strong>psan\u00e9 dva z\u00e1vody a dvoje body<\/td><td><strong>tr\u00e9nink<\/strong><\/td><td><strong>Absolutn\u00ed po\u0159ad\u00ed<\/strong><\/td><td><strong>Po\u0159ad\u00ed t\u0159\u00eddy<\/strong><\/td><\/tr><\/tbody><\/table><\/figure>\n","protected":false},"excerpt":{"rendered":"<p>Kone\u010dn\u00e9 absolutn\u00ed po\u0159ad\u00ed Kru\u0161nohorsk\u00e9ho poh\u00e1ru 2026. Po odjet\u00ed sedmi a v\u00edce z\u00e1vod\u016f Kone\u010dn\u00e9 absolutn\u00ed po\u0159ad\u00ed t\u0159\u00edd Kru\u0161nohorsk\u00e9ho poh\u00e1ru 2026. Po odjet\u00ed sedmi a v\u00edce z\u00e1vod\u016f Absolutn\u00ed po\u0159ad\u00ed Kru\u0161nohorsk\u00e9ho poh\u00e1ru 2026 Absolutn\u00ed po\u0159ad\u00ed t\u0159\u00edd Kru\u0161nohorsk\u00e9ho poh\u00e1ru 2026 po dvou z\u00e1vod\u011b na Autodromu Sosnov\u00e1 po dvou z\u00e1vod\u011b na Autodromu Sosnov\u00e1 po t\u0159et\u00edm z\u00e1vod\u011b ZAV B\u00edlina po t\u0159et\u00edm&hellip;<\/p>\n","protected":false},"author":2,"featured_media":0,"parent":0,"menu_order":0,"comment_status":"closed","ping_status":"closed","template":"","meta":[],"_links":{"self":[{"href":"https:\/\/www.krusnohorskypohar.cz\/index.php\/wp-json\/wp\/v2\/pages\/8829"}],"collection":[{"href":"https:\/\/www.krusnohorskypohar.cz\/index.php\/wp-json\/wp\/v2\/pages"}],"about":[{"href":"https:\/\/www.krusnohorskypohar.cz\/index.php\/wp-json\/wp\/v2\/types\/page"}],"author":[{"embeddable":true,"href":"https:\/\/www.krusnohorskypohar.cz\/index.php\/wp-json\/wp\/v2\/users\/2"}],"replies":[{"embeddable":true,"href":"https:\/\/www.krusnohorskypohar.cz\/index.php\/wp-json\/wp\/v2\/comments?post=8829"}],"version-history":[{"count":5,"href":"https:\/\/www.krusnohorskypohar.cz\/index.php\/wp-json\/wp\/v2\/pages\/8829\/revisions"}],"predecessor-version":[{"id":9343,"href":"https:\/\/www.krusnohorskypohar.cz\/index.php\/wp-json\/wp\/v2\/pages\/8829\/revisions\/9343"}],"wp:attachment":[{"href":"https:\/\/www.krusnohorskypohar.cz\/index.php\/wp-json\/wp\/v2\/media?parent=8829"}],"curies":[{"name":"wp","href":"https:\/\/api.w.org\/{rel}","templated":true}]}}